    {"id":4437,"date":"2025-03-27T15:13:22","date_gmt":"2025-03-27T19:13:22","guid":{"rendered":"https:\/\/culture.saint-lambert.ca\/artiste\/anne-francoise-belanger\/"},"modified":"2025-04-01T02:55:16","modified_gmt":"2025-04-01T06:55:16","slug":"anne-francoise-belanger","status":"publish","type":"artist","link":"https:\/\/culture.saint-lambert.ca\/en\/artiste\/anne-francoise-belanger\/","title":{"rendered":"Anne-Fran\u00e7oise B\u00e9langer"},"content":{"rendered":"\n<p>Anne-Fran\u00e7oise B\u00e9langer is a self-taught painter trained in art experience structures under the mentorship of professional artists. She started her training in drawing and painting in 1989, and is also a psychoeducation and psychotherapy graduate.<\/p>\n\n<p>Ms. B\u00e9langer works on canvas and paper, using oils, acrylic, charcoal and ink, as well as large and small formats. The combination of her academic training and her artistic approach have given her both the necessary audacity to explore abstract gestures and the humility to experiment with the ambiguity of a more intuitive process. She regards her painting as expressive and abstract, with colour serving to structure the form.<br\/><br\/>A member of the Atelier du Geste de Montr\u00e9al from 2013 to 2020, Ms. B\u00e9langer was also enrolled in the painting program at the Acad\u00e9mie des Arts de Montr\u00e9al (ACADEM) from September 2017 to June 2019. She has been an active participant in Carol Bernier\u2019s workshops in Montreal since 2018.<br\/><br\/>She holds the status of professional artist with the Regroupement des artistes en art visuel du Qu\u00e9bec (RAAV).<\/p>\n","protected":false},"excerpt":{"rendered":"<p>Anne-Fran\u00e7oise B\u00e9langer is a self-taught painter trained in art experience structures under the mentorship of professional artists. She started her training in drawing and painting in 1989, and is also a psychoeducation and psychotherapy graduate. Ms. B\u00e9langer works on canvas and paper, using oils, acrylic, charcoal and ink, as well as large and small formats. [&hellip;]<\/p>\n","protected":false},"featured_media":2298,"template":"","meta":{"_acf_changed":false},"discipline-artistique":[44],"lambertois":[],"class_list":["post-4437","artist","type-artist","status-publish","has-post-thumbnail","hentry","discipline-artistique-visual-arts"],"acf":[],"_links":{"self":[{"href":"https:\/\/culture.saint-lambert.ca\/en\/wp-json\/wp\/v2\/artist\/4437","targetHints":{"allow":["GET"]}}],"collection":[{"href":"https:\/\/culture.saint-lambert.ca\/en\/wp-json\/wp\/v2\/artist"}],"about":[{"href":"https:\/\/culture.saint-lambert.ca\/en\/wp-json\/wp\/v2\/types\/artist"}],"wp:featuredmedia":[{"embeddable":true,"href":"https:\/\/culture.saint-lambert.ca\/en\/wp-json\/wp\/v2\/media\/2298"}],"wp:attachment":[{"href":"https:\/\/culture.saint-lambert.ca\/en\/wp-json\/wp\/v2\/media?parent=4437"}],"wp:term":[{"taxonomy":"discipline-artistique","embeddable":true,"href":"https:\/\/culture.saint-lambert.ca\/en\/wp-json\/wp\/v2\/discipline-artistique?post=4437"},{"taxonomy":"lambertois","embeddable":true,"href":"https:\/\/culture.saint-lambert.ca\/en\/wp-json\/wp\/v2\/lambertois?post=4437"}],"curies":[{"name":"wp","href":"https:\/\/api.w.org\/{rel}","templated":true}]}}

Anne-Françoise Bélanger

<p>Anne-Françoise Bélanger is a self-taught painter trained in art experience structures under the mentorship of professional artists. She started her training in drawing and painting in 1989, and is also a psychoeducation and psychotherapy graduate.</p>

<p>Ms. Bélanger works on canvas and paper, using oils, acrylic, charcoal and ink, as well as large and small formats. The combination of her academic training and her artistic approach have given her both the necessary audacity to explore abstract gestures and the humility to experiment with the ambiguity of a more intuitive process. She regards her painting as expressive and abstract, with colour serving to structure the form.<br/><br/>A member of the Atelier du Geste de Montréal from 2013 to 2020, Ms. Bélanger was also enrolled in the painting program at the Académie des Arts de Montréal (ACADEM) from September 2017 to June 2019. She has been an active participant in Carol Bernier’s workshops in Montreal since 2018.<br/><br/>She holds the status of professional artist with the Regroupement des artistes en art visuel du Québec (RAAV).</p>

<p>Anne-Françoise Bélanger is a self-taught painter trained in art experience structures under the mentorship of professional artists. She started her training in drawing and painting in 1989, and is also a psychoeducation and psychotherapy graduate. Ms. Bélanger works on canvas and paper, using oils, acrylic, charcoal and ink, as well as large and small formats. [&hellip;]</p>
