    {"id":4338,"date":"2025-03-29T08:04:59","date_gmt":"2025-03-29T12:04:59","guid":{"rendered":"https:\/\/culture.saint-lambert.ca\/artiste\/chloe-beaulac\/"},"modified":"2025-04-05T14:07:49","modified_gmt":"2025-04-05T18:07:49","slug":"chloe-beaulac","status":"publish","type":"artist","link":"https:\/\/culture.saint-lambert.ca\/en\/artiste\/chloe-beaulac\/","title":{"rendered":"Chlo\u00e9 Beaulac"},"content":{"rendered":"\n<p>Chlo\u00e9 Beaulac lives in Mont\u00e9r\u00e9gie and Estrie. She graduated with a Bachelor of Fine Arts from Concordia University (2010) where she specialized in printmaking. She is a multidisciplinary artist who draws inspiration from printmaking and uses photography, video, drawing, printmaking, painting, installation, and sculpture to communicate her perception of the world.<\/p>\n\n<p>The artist has received several awards and distinctions for her creations. In 2022, she was a finalist for the CALQ-Artist of the Year Award in Mont\u00e9r\u00e9gie. In 2019, she was awarded the Cultural Ambassador Award at the Longueuil gala. In the fall of 2019, she was the winner of the Missions photographiques des Laurentides, an award presented jointly by Loto-Qu\u00e9bec, the Rencontres internationales de la photographie en Gasp\u00e9sie and the Val-David Exhibition Centre. In 2018, she won the Prix rel\u00e8ve culture Mont\u00e9r\u00e9gie \u2013 La Fabrique culturelle for her body of work and her involvement in the region. In 2015, she won the T\u00e9l\u00e9-Qu\u00e9bec Award presented jointly by the Biennale d\u2019estampe contemporaine de Trois-Rivi\u00e8res (BIECTR) and La Fabrique culturelle for her work Au c\u0153ur du magn\u00e9tisme.<\/p>\n\n<p>Beaulac a pr\u00e9sent\u00e9 son travail dans le cadre de plusieurs projets d\u2019art public, expositions solos, expositions de groupe et r\u00e9sidences d\u2019artistes au Qu\u00e9bec, au Canada et \u00e0 l\u2019international. Elle a d\u00e9velopp\u00e9 et produit plusieurs corpus d\u2019\u0153uvres gr\u00e2ce au g\u00e9n\u00e9reux soutien de diverses organisations \u2013 Conseil des arts et des lettres du Qu\u00e9bec, Conseil des arts de Longueuil, Conseil des arts du Canada, La Soci\u00e9t\u00e9 de d\u00e9veloppement des entreprises culturelles ainsi que Les Offices jeunesse internationaux du Qu\u00e9bec, pour n\u2019en nommer que quelques-unes. Elle travaille dans le domaine culturel pour le Minist\u00e8re de la Culture et des Communications, pour la Ville de Montr\u00e9al et pour plusieurs centres culturels \u00e0 travers le Qu\u00e9bec.<\/p>\n","protected":false},"excerpt":{"rendered":"<p>Chlo\u00e9 Beaulac lives in Mont\u00e9r\u00e9gie and Estrie. She graduated with a Bachelor of Fine Arts from Concordia University (2010) where she specialized in printmaking. She is a multidisciplinary artist who draws inspiration from printmaking and uses photography, video, drawing, printmaking, painting, installation, and sculpture to communicate her perception of the world. The artist has received [&hellip;]<\/p>\n","protected":false},"featured_media":3688,"template":"","meta":{"_acf_changed":false},"discipline-artistique":[44],"lambertois":[54],"class_list":["post-4338","artist","type-artist","status-publish","has-post-thumbnail","hentry","discipline-artistique-visual-arts","lambertois-non-en"],"acf":[],"_links":{"self":[{"href":"https:\/\/culture.saint-lambert.ca\/en\/wp-json\/wp\/v2\/artist\/4338","targetHints":{"allow":["GET"]}}],"collection":[{"href":"https:\/\/culture.saint-lambert.ca\/en\/wp-json\/wp\/v2\/artist"}],"about":[{"href":"https:\/\/culture.saint-lambert.ca\/en\/wp-json\/wp\/v2\/types\/artist"}],"wp:featuredmedia":[{"embeddable":true,"href":"https:\/\/culture.saint-lambert.ca\/en\/wp-json\/wp\/v2\/media\/3688"}],"wp:attachment":[{"href":"https:\/\/culture.saint-lambert.ca\/en\/wp-json\/wp\/v2\/media?parent=4338"}],"wp:term":[{"taxonomy":"discipline-artistique","embeddable":true,"href":"https:\/\/culture.saint-lambert.ca\/en\/wp-json\/wp\/v2\/discipline-artistique?post=4338"},{"taxonomy":"lambertois","embeddable":true,"href":"https:\/\/culture.saint-lambert.ca\/en\/wp-json\/wp\/v2\/lambertois?post=4338"}],"curies":[{"name":"wp","href":"https:\/\/api.w.org\/{rel}","templated":true}]}}

Chloé Beaulac

<p>Chloé Beaulac lives in Montérégie and Estrie. She graduated with a Bachelor of Fine Arts from Concordia University (2010) where she specialized in printmaking. She is a multidisciplinary artist who draws inspiration from printmaking and uses photography, video, drawing, printmaking, painting, installation, and sculpture to communicate her perception of the world.</p>

<p>The artist has received several awards and distinctions for her creations. In 2022, she was a finalist for the CALQ-Artist of the Year Award in Montérégie. In 2019, she was awarded the Cultural Ambassador Award at the Longueuil gala. In the fall of 2019, she was the winner of the Missions photographiques des Laurentides, an award presented jointly by Loto-Québec, the Rencontres internationales de la photographie en Gaspésie and the Val-David Exhibition Centre. In 2018, she won the Prix relève culture Montérégie – La Fabrique culturelle for her body of work and her involvement in the region. In 2015, she won the Télé-Québec Award presented jointly by the Biennale d’estampe contemporaine de Trois-Rivières (BIECTR) and La Fabrique culturelle for her work Au cœur du magnétisme.</p>

<p>Beaulac a présenté son travail dans le cadre de plusieurs projets d’art public, expositions solos, expositions de groupe et résidences d’artistes au Québec, au Canada et à l’international. Elle a développé et produit plusieurs corpus d’œuvres grâce au généreux soutien de diverses organisations – Conseil des arts et des lettres du Québec, Conseil des arts de Longueuil, Conseil des arts du Canada, La Société de développement des entreprises culturelles ainsi que Les Offices jeunesse internationaux du Québec, pour n’en nommer que quelques-unes. Elle travaille dans le domaine culturel pour le Ministère de la Culture et des Communications, pour la Ville de Montréal et pour plusieurs centres culturels à travers le Québec.</p>

<p>Chloé Beaulac lives in Montérégie and Estrie. She graduated with a Bachelor of Fine Arts from Concordia University (2010) where she specialized in printmaking. She is a multidisciplinary artist who draws inspiration from printmaking and uses photography, video, drawing, printmaking, painting, installation, and sculpture to communicate her perception of the world. The artist has received [&hellip;]</p>
