    {"id":4282,"date":"2025-03-29T09:42:05","date_gmt":"2025-03-29T13:42:05","guid":{"rendered":"https:\/\/culture.saint-lambert.ca\/artiste\/francoise-sullivan\/"},"modified":"2025-03-31T13:51:01","modified_gmt":"2025-03-31T17:51:01","slug":"francoise-sullivan","status":"publish","type":"artist","link":"https:\/\/culture.saint-lambert.ca\/en\/artiste\/francoise-sullivan\/","title":{"rendered":"Fran\u00e7oise Sullivan"},"content":{"rendered":"\n<p>Fran\u00e7oise Sullivan was born in Montreal, where she initially studied at the \u00c9cole des beaux-arts. While this unique and multifaceted artist was first recognized as a dancer and choreographer, it has been her work as a visual artist that has truly stood out over the course of her long career. She was a founding member of the Automatiste movement and one of the signatories of the Refus global.<\/p>\n\n<p>Her works have been shown in solo and group exhibitions, including at the Mus\u00e9e national des beaux-arts du Qu\u00e9bec (1993) and the Montreal Museum of Fine Arts (2003).<\/p>\n\n<p>She received the Paul-\u00c9mile Borduas Award in 1987 and holds honorary degrees from UQAM and Toronto\u2019s York University. A teacher at Concordia University since 1977, Fran\u00e7oise Sullivan is also a sought-after jury member and lecturer, and she sits on the board of the Conseil des arts de Montr\u00e9al. Fran\u00e7oise Sullivan lives in Montr\u00e9al.<\/p>\n","protected":false},"excerpt":{"rendered":"<p>Fran\u00e7oise Sullivan was born in Montreal, where she initially studied at the \u00c9cole des beaux-arts. While this unique and multifaceted artist was first recognized as a dancer and choreographer, it has been her work as a visual artist that has truly stood out over the course of her long career. She was a founding member [&hellip;]<\/p>\n","protected":false},"featured_media":3955,"template":"","meta":{"_acf_changed":false},"discipline-artistique":[44],"lambertois":[54],"class_list":["post-4282","artist","type-artist","status-publish","has-post-thumbnail","hentry","discipline-artistique-visual-arts","lambertois-non-en"],"acf":[],"_links":{"self":[{"href":"https:\/\/culture.saint-lambert.ca\/en\/wp-json\/wp\/v2\/artist\/4282","targetHints":{"allow":["GET"]}}],"collection":[{"href":"https:\/\/culture.saint-lambert.ca\/en\/wp-json\/wp\/v2\/artist"}],"about":[{"href":"https:\/\/culture.saint-lambert.ca\/en\/wp-json\/wp\/v2\/types\/artist"}],"wp:featuredmedia":[{"embeddable":true,"href":"https:\/\/culture.saint-lambert.ca\/en\/wp-json\/wp\/v2\/media\/3955"}],"wp:attachment":[{"href":"https:\/\/culture.saint-lambert.ca\/en\/wp-json\/wp\/v2\/media?parent=4282"}],"wp:term":[{"taxonomy":"discipline-artistique","embeddable":true,"href":"https:\/\/culture.saint-lambert.ca\/en\/wp-json\/wp\/v2\/discipline-artistique?post=4282"},{"taxonomy":"lambertois","embeddable":true,"href":"https:\/\/culture.saint-lambert.ca\/en\/wp-json\/wp\/v2\/lambertois?post=4282"}],"curies":[{"name":"wp","href":"https:\/\/api.w.org\/{rel}","templated":true}]}}

Françoise Sullivan

<p>Françoise Sullivan was born in Montreal, where she initially studied at the École des beaux-arts. While this unique and multifaceted artist was first recognized as a dancer and choreographer, it has been her work as a visual artist that has truly stood out over the course of her long career. She was a founding member of the Automatiste movement and one of the signatories of the Refus global.</p>

<p>Her works have been shown in solo and group exhibitions, including at the Musée national des beaux-arts du Québec (1993) and the Montreal Museum of Fine Arts (2003).</p>

<p>She received the Paul-Émile Borduas Award in 1987 and holds honorary degrees from UQAM and Toronto’s York University. A teacher at Concordia University since 1977, Françoise Sullivan is also a sought-after jury member and lecturer, and she sits on the board of the Conseil des arts de Montréal. Françoise Sullivan lives in Montréal.</p>

<p>Françoise Sullivan was born in Montreal, where she initially studied at the École des beaux-arts. While this unique and multifaceted artist was first recognized as a dancer and choreographer, it has been her work as a visual artist that has truly stood out over the course of her long career. She was a founding member [&hellip;]</p>
